{"id":1402,"date":"2025-04-07T10:55:57","date_gmt":"2025-04-07T08:55:57","guid":{"rendered":"http:\/\/www.grafas.org\/demo01\/?page_id=10"},"modified":"2025-04-09T13:23:00","modified_gmt":"2025-04-09T11:23:00","slug":"home","status":"publish","type":"page","link":"https:\/\/www.rehabilitacepsu.cz\/","title":{"rendered":"Home"},"content":{"rendered":"\t\t<div data-elementor-type=\"wp-page\" data-elementor-id=\"1402\" class=\"elementor elementor-1402\">\n\t\t\t\t\t\t<section class=\"elementor-section elementor-top-section elementor-element elementor-element-8828dd8 elementor-section-boxed elementor-section-height-default elementor-section-height-default\" data-id=\"8828dd8\" data-element_type=\"section\">\n\t\t\t\t\t\t<div class=\"elementor-container elementor-column-gap-default\">\n\t\t\t\t\t<div class=\"elementor-column elementor-col-100 elementor-top-column elementor-element elementor-element-6d43801\" data-id=\"6d43801\" data-element_type=\"column\">\n\t\t\t<div class=\"elementor-widget-wrap elementor-element-populated\">\n\t\t\t\t\t\t<div class=\"elementor-element elementor-element-ec72b0d elementor-widget elementor-widget-image\" data-id=\"ec72b0d\" data-element_type=\"widget\" data-widget_type=\"image.default\">\n\t\t\t\t<div class=\"elementor-widget-container\">\n\t\t\t\t\t\t\t\t\t\t\t\t\t\t\t<img decoding=\"async\" src=\"https:\/\/www.rehabilitacepsu.cz\/wp-content\/uploads\/elementor\/thumbs\/DSC_1951-scaled-e1743536505601-r3qe10m5ou1d3oo6qfr0dcj6jv8igdkxnq34rpo1nk.jpg\" title=\"DSC_1951\" alt=\"DSC_1951\" loading=\"lazy\" \/>\t\t\t\t\t\t\t\t\t\t\t\t\t\t\t<\/div>\n\t\t\t\t<\/div>\n\t\t\t\t<div class=\"elementor-element elementor-element-107a700 elementor-widget elementor-widget-text-editor\" data-id=\"107a700\" data-element_type=\"widget\" data-widget_type=\"text-editor.default\">\n\t\t\t\t<div class=\"elementor-widget-container\">\n\t\t\t\t\t\t\t\t\t<p>Pom\u00e1h\u00e1me ps\u016fm s pohybov\u00fdmi probl\u00e9my nebo s nasvalen\u00edm, ale i s hubnut\u00edm.<\/p>\t\t\t\t\t\t\t\t<\/div>\n\t\t\t\t<\/div>\n\t\t\t\t<div class=\"elementor-element elementor-element-9a9b4e4 elementor-hidden-phone elementor-widget elementor-widget-spacer\" data-id=\"9a9b4e4\" data-element_type=\"widget\" data-widget_type=\"spacer.default\">\n\t\t\t\t<div class=\"elementor-widget-container\">\n\t\t\t\t\t\t\t<div class=\"elementor-spacer\">\n\t\t\t<div class=\"elementor-spacer-inner\"><\/div>\n\t\t<\/div>\n\t\t\t\t\t\t<\/div>\n\t\t\t\t<\/div>\n\t\t\t\t\t<\/div>\n\t\t<\/div>\n\t\t\t\t\t<\/div>\n\t\t<\/section>\n\t\t\t\t<section class=\"elementor-section elementor-top-section elementor-element elementor-element-34b828a elementor-reverse-mobile elementor-section-boxed elementor-section-height-default elementor-section-height-default\" data-id=\"34b828a\" data-element_type=\"section\">\n\t\t\t\t\t\t<div class=\"elementor-container elementor-column-gap-default\">\n\t\t\t\t\t<div class=\"elementor-column elementor-col-50 elementor-top-column elementor-element elementor-element-aef019a\" data-id=\"aef019a\" data-element_type=\"column\">\n\t\t\t<div class=\"elementor-widget-wrap elementor-element-populated\">\n\t\t\t\t\t\t<div class=\"elementor-element elementor-element-10a8d9a elementor-widget elementor-widget-heading\" data-id=\"10a8d9a\" data-element_type=\"widget\" data-widget_type=\"heading.default\">\n\t\t\t\t<div class=\"elementor-widget-container\">\n\t\t\t\t\t<h2 class=\"elementor-heading-title elementor-size-default\">Rehabilitace ps\u016f<\/h2>\t\t\t\t<\/div>\n\t\t\t\t<\/div>\n\t\t\t\t<div class=\"elementor-element elementor-element-d0b386c elementor-widget elementor-widget-text-editor\" data-id=\"d0b386c\" data-element_type=\"widget\" data-widget_type=\"text-editor.default\">\n\t\t\t\t<div class=\"elementor-widget-container\">\n\t\t\t\t\t\t\t\t\t<p>U n\u00e1s nab\u00edz\u00edme komplexn\u00ed a kvalifikovanou rehabilitaci ps\u016f\u00a0a\u00a0dal\u0161\u00edch mal\u00fdch zv\u00ed\u0159at. V\u011bnujeme se hlavn\u011b ps\u016fm po operaci nebo \u00faraze. D\u00e1le preventivn\u00ed fyzioterapii u sportovc\u016f i mazl\u00edk\u016f a chronicky bolestiv\u00fdm stav\u016fm pohybov\u00e9ho apar\u00e1tu. Svoj\u00ed vlastn\u00ed skupinku maj\u00ed ps\u00ed senio\u0159i, t\u011bm pohyb ve van\u011b a laser moc pom\u00e1h\u00e1 prodlou\u017eit si aktivn\u00ed \u017eivot.\u00a0\u00a0<\/p><p>Nej\u00fa\u010dinn\u011bji odstran\u00edme bolest, kdy\u017e spr\u00e1vn\u011b pou\u017eijeme kombinaci pohybov\u00e9, fyzik\u00e1ln\u00ed a manu\u00e1ln\u00ed terapie. Takto navr\u00e1time funkci po\u0161kozen\u00fdm a nam\u00e1han\u00fdm tk\u00e1n\u00edm &#8211; kostem, sval\u016fm, kloub\u016fm, nerv\u016fm, aj.<\/p><p>Jsme \u0161pi\u010dkov\u011b vybaveni. Vyu\u017e\u00edv\u00e1me v r\u00e1mci terapie profesion\u00e1ln\u00ed hydroterapeutickou vanu\u00a0\u00a0\u00a0a vysokov\u00fdkonn\u00fd\u00a0MLS terapeutick\u00fd veterin\u00e1rn\u00ed laser\u00a0zna\u010dky ASAlaser<\/p><p>V\u011bnujeme se rehabilitaci a fyzioterapii:<\/p><ul><li>Ortopedick\u00fdch pacient\u016f\u00a0&#8211; poopera\u010dn\u00ed stavy (operace kolenn\u00edch a ky\u010deln\u00edch kloub\u016f, zlomeniny, OCD, aj.), dysplazie ky\u010deln\u00edch a loketn\u00edch kloub\u016f, osteoartritida, probl\u00e9my s vazy, \u0161lachami, &#8230;<\/li><li>Pracovn\u011b a sportovn\u011b vyu\u017e\u00edvan\u00fdch ps\u016f\u00a0&#8211; preventivn\u00ed fyzioterapie, po\u00farazov\u00e9 stavy, &#8230;<\/li><li>Geriatrick\u00fdch pacient\u016f s pohybov\u00fdmi probl\u00e9my\u00a0(senio\u0159i) &#8211; artr\u00f3za, spondyloartr\u00f3za, bolest zad, nadv\u00e1ha, &#8230;<\/li><li>Neurologick\u00fdch pacient\u016f\u00a0&#8211; poruchy koordinace, propriorecepce a svalov\u00e1 atrofie z d\u016fvodu onemocn\u011bn\u00ed nervov\u00e9 soustavy, probl\u00e9my s p\u00e1te\u0159\u00ed, meziobratlov\u00fdmi plot\u00e9nkami, neuropatie.<\/li><li>V\u0161ech ostatn\u00edch \u010dty\u0159noh\u00fdch klient\u016f, kte\u0159\u00ed cht\u011bj\u00ed m\u00edt spr\u00e1vn\u00e9 pohybov\u00e9 stereotypy a nasvalen\u00ed, kter\u00e9 je udr\u017e\u00ed v dobr\u00e9 fyzick\u00e9 i ment\u00e1ln\u00ed kondici do vysok\u00e9ho v\u011bku, cht\u011bj\u00ed p\u0159ij\u00edt na rekondi\u010dn\u00ed mas\u00e1\u017e nebo maj\u00ed probl\u00e9m s nadv\u00e1hou, &#8230;<\/li><\/ul><p>\u00a0<\/p>\t\t\t\t\t\t\t\t<\/div>\n\t\t\t\t<\/div>\n\t\t\t\t\t<\/div>\n\t\t<\/div>\n\t\t\t\t<div class=\"elementor-column elementor-col-50 elementor-top-column elementor-element elementor-element-beed6a0\" data-id=\"beed6a0\" data-element_type=\"column\" data-settings=\"{&quot;background_background&quot;:&quot;classic&quot;}\">\n\t\t\t<div class=\"elementor-widget-wrap elementor-element-populated\">\n\t\t\t\t\t\t<div class=\"elementor-element elementor-element-4910a0c elementor-widget elementor-widget-image\" data-id=\"4910a0c\" data-element_type=\"widget\" data-widget_type=\"image.default\">\n\t\t\t\t<div class=\"elementor-widget-container\">\n\t\t\t\t\t\t\t\t\t\t\t\t\t\t\t<img decoding=\"async\" src=\"https:\/\/www.rehabilitacepsu.cz\/wp-content\/uploads\/2025\/02\/243014790_2676717772636192_7671030673889292781_n.jpg\" title=\"243014790_2676717772636192_7671030673889292781_n\" alt=\"243014790_2676717772636192_7671030673889292781_n\" loading=\"lazy\" \/>\t\t\t\t\t\t\t\t\t\t\t\t\t\t\t<\/div>\n\t\t\t\t<\/div>\n\t\t\t\t\t<\/div>\n\t\t<\/div>\n\t\t\t\t\t<\/div>\n\t\t<\/section>\n\t\t\t\t<section class=\"elementor-section elementor-top-section elementor-element elementor-element-9ca1a29 elementor-section-boxed elementor-section-height-default elementor-section-height-default\" data-id=\"9ca1a29\" data-element_type=\"section\">\n\t\t\t\t\t\t<div class=\"elementor-container elementor-column-gap-wider\">\n\t\t\t\t\t<div class=\"elementor-column elementor-col-33 elementor-top-column elementor-element elementor-element-47f0b5c\" data-id=\"47f0b5c\" data-element_type=\"column\" data-settings=\"{&quot;background_background&quot;:&quot;classic&quot;}\">\n\t\t\t<div class=\"elementor-widget-wrap elementor-element-populated\">\n\t\t\t\t\t\t<div class=\"elementor-element elementor-element-da71c97 elementor-position-top elementor-widget elementor-widget-image-box\" data-id=\"da71c97\" data-element_type=\"widget\" data-widget_type=\"image-box.default\">\n\t\t\t\t<div class=\"elementor-widget-container\">\n\t\t\t\t\t<div class=\"elementor-image-box-wrapper\"><figure class=\"elementor-image-box-img\"><a href=\"#\" tabindex=\"-1\"><img fetchpriority=\"high\" decoding=\"async\" width=\"2000\" height=\"2000\" src=\"https:\/\/www.rehabilitacepsu.cz\/wp-content\/uploads\/2025\/03\/e29ae5ce-f8a9-408a-8569-2c1e4ba95968.avif\" class=\"attachment-full size-full wp-image-1481\" alt=\"\" srcset=\"https:\/\/www.rehabilitacepsu.cz\/wp-content\/uploads\/2025\/03\/e29ae5ce-f8a9-408a-8569-2c1e4ba95968.avif 2000w, https:\/\/www.rehabilitacepsu.cz\/wp-content\/uploads\/2025\/03\/e29ae5ce-f8a9-408a-8569-2c1e4ba95968-300x300.jpg 300w, https:\/\/www.rehabilitacepsu.cz\/wp-content\/uploads\/2025\/03\/e29ae5ce-f8a9-408a-8569-2c1e4ba95968-100x100.jpg 100w, https:\/\/www.rehabilitacepsu.cz\/wp-content\/uploads\/2025\/03\/e29ae5ce-f8a9-408a-8569-2c1e4ba95968-600x600.jpg 600w, https:\/\/www.rehabilitacepsu.cz\/wp-content\/uploads\/2025\/03\/e29ae5ce-f8a9-408a-8569-2c1e4ba95968-1024x1024.jpg 1024w, https:\/\/www.rehabilitacepsu.cz\/wp-content\/uploads\/2025\/03\/e29ae5ce-f8a9-408a-8569-2c1e4ba95968-150x150.jpg 150w, https:\/\/www.rehabilitacepsu.cz\/wp-content\/uploads\/2025\/03\/e29ae5ce-f8a9-408a-8569-2c1e4ba95968-768x768.jpg 768w, https:\/\/www.rehabilitacepsu.cz\/wp-content\/uploads\/2025\/03\/e29ae5ce-f8a9-408a-8569-2c1e4ba95968-1536x1536.jpg 1536w\" sizes=\"(max-width: 2000px) 100vw, 2000px\" \/><\/a><\/figure><div class=\"elementor-image-box-content\"><h4 class=\"elementor-image-box-title\"><a href=\"#\">A-flex s CBD<\/a><\/h4><p class=\"elementor-image-box-description\">Canami\n\nVeterin\u00e1rn\u00ed p\u0159\u00edpravek pro psy ve form\u011b chutn\u00e9ho sirupu.  Udr\u017euje norm\u00e1ln\u00ed \u010dinnost kloub\u016f a sval\u016f, napom\u00e1h\u00e1 zm\u00edr\u0148ovat bolest a vykazuje protiz\u00e1n\u011btliv\u00e9 \u00fa\u010dinky. Podporuje spr\u00e1vnou \u010dinnost nervov\u00e9 soustavy a imunitn\u00edho syst\u00e9mu.\n\nVeterin\u00e1rn\u00ed p\u0159\u00edpravek pro psy s obsahem CBD a MSM.\n\n    Udr\u017euje norm\u00e1ln\u00ed \u010dinnosti kloub\u016f a sval\u016f.\n    Napom\u00e1h\u00e1 zm\u00edr\u0148ovat bolest a vykazuje protiz\u00e1n\u011btliv\u00e9 \u00fa\u010dinky.\n    Dlouhodob\u011b podporuje spr\u00e1vnou \u010dinnost nervov\u00e9 soustavy a imunitn\u00edho syst\u00e9mu.\n    V\u00fdborn\u00e1 vst\u0159ebatelnost d\u00edky unik\u00e1tn\u00ed technologii v\u00fdroby.\n    Bez vedlej\u0161\u00edch ne\u017e\u00e1douc\u00edch \u00fa\u010dink\u016f.\n\n\u00da\u010dinn\u00e9 l\u00e1tky obsa\u017een\u00e9 ve 100ml sirupu:\n\n    hydrolyzovan\u00fd kolagen 13000mg\n    methylsulfonylmethan (MSM) 1200mg\n    D-glukosamin sulf\u00e1t 2KCl 1000mg\n    chondroitin sulf\u00e1t 600mg\n    kyselina hyaluronov\u00e1 150mg\n    CBD isolate 56mg\n<\/p><\/div><\/div>\t\t\t\t<\/div>\n\t\t\t\t<\/div>\n\t\t\t\t\t<\/div>\n\t\t<\/div>\n\t\t\t\t<div class=\"elementor-column elementor-col-33 elementor-top-column elementor-element elementor-element-35f99d8\" data-id=\"35f99d8\" data-element_type=\"column\" data-settings=\"{&quot;background_background&quot;:&quot;classic&quot;}\">\n\t\t\t<div class=\"elementor-widget-wrap elementor-element-populated\">\n\t\t\t\t\t\t<div class=\"elementor-element elementor-element-1d3ee57 elementor-position-top elementor-widget elementor-widget-image-box\" data-id=\"1d3ee57\" data-element_type=\"widget\" data-widget_type=\"image-box.default\">\n\t\t\t\t<div class=\"elementor-widget-container\">\n\t\t\t\t\t<div class=\"elementor-image-box-wrapper\"><figure class=\"elementor-image-box-img\"><a href=\"#\" tabindex=\"-1\"><img decoding=\"async\" width=\"2000\" height=\"2000\" src=\"https:\/\/www.rehabilitacepsu.cz\/wp-content\/uploads\/2025\/03\/5c6882e9-f25f-412d-b61a-959a9f9a8a1b.avif\" class=\"attachment-full size-full wp-image-1480\" alt=\"\" srcset=\"https:\/\/www.rehabilitacepsu.cz\/wp-content\/uploads\/2025\/03\/5c6882e9-f25f-412d-b61a-959a9f9a8a1b.avif 2000w, https:\/\/www.rehabilitacepsu.cz\/wp-content\/uploads\/2025\/03\/5c6882e9-f25f-412d-b61a-959a9f9a8a1b-300x300.jpg 300w, https:\/\/www.rehabilitacepsu.cz\/wp-content\/uploads\/2025\/03\/5c6882e9-f25f-412d-b61a-959a9f9a8a1b-100x100.jpg 100w, https:\/\/www.rehabilitacepsu.cz\/wp-content\/uploads\/2025\/03\/5c6882e9-f25f-412d-b61a-959a9f9a8a1b-600x600.jpg 600w, https:\/\/www.rehabilitacepsu.cz\/wp-content\/uploads\/2025\/03\/5c6882e9-f25f-412d-b61a-959a9f9a8a1b-1024x1024.jpg 1024w, https:\/\/www.rehabilitacepsu.cz\/wp-content\/uploads\/2025\/03\/5c6882e9-f25f-412d-b61a-959a9f9a8a1b-150x150.jpg 150w, https:\/\/www.rehabilitacepsu.cz\/wp-content\/uploads\/2025\/03\/5c6882e9-f25f-412d-b61a-959a9f9a8a1b-768x768.jpg 768w, https:\/\/www.rehabilitacepsu.cz\/wp-content\/uploads\/2025\/03\/5c6882e9-f25f-412d-b61a-959a9f9a8a1b-1536x1536.jpg 1536w\" sizes=\"(max-width: 2000px) 100vw, 2000px\" \/><\/a><\/figure><div class=\"elementor-image-box-content\"><h4 class=\"elementor-image-box-title\"><a href=\"#\">A-flex<\/a><\/h4><p class=\"elementor-image-box-description\">Canami\n\nOsv\u011bd\u010den\u00e9 dopl\u0148kov\u00e9 krmivo pro psy a ko\u010dky, kter\u00e9 chr\u00e1n\u00ed pohybov\u00fd apar\u00e1t v obdob\u00ed r\u016fstu, po chirurgick\u00fdch z\u00e1kroc\u00edch, p\u0159i v\u00fdrazn\u00e9 z\u00e1t\u011b\u017ei a p\u0159i kloubn\u00edch onemocn\u011bn\u00edch. Ide\u00e1ln\u00ed pom\u011br surovin vyvinut\u00fd veterin\u00e1\u0159i. Unik\u00e1tn\u00ed technologie v\u00fdroby zaji\u0161tuje vysokou vst\u0159ebatelnost tohoto chutn\u00e9ho sirupu u v\u0161ech plemen ps\u016f a ko\u010dek. \n\nOsv\u011bd\u010den\u00e9 dopl\u0148kov\u00e9 krmivo pro psy a ko\u010dky, vyroben\u00e9 v \u010cesk\u00e9 republice z kvalitn\u00edch, potravin\u00e1\u0159sk\u00fdch surovin.\n\n    Tato kloubn\u00ed v\u00fd\u017eiva ve form\u011b chutn\u00e9ho sirupu obsahuje hydrolyzovan\u00fd kolagen, glukosamin sulf\u00e1t, chondroitin sulf\u00e1t a kyselinu hyaluronovou v ide\u00e1ln\u00edm pom\u011bru.\n    Vy\u017eivuje, chr\u00e1n\u00ed a regeneruje kloubn\u00ed chrupavky v obdob\u00ed jejich r\u016fstu, po chirurgick\u00fdch z\u00e1kroc\u00edch, p\u0159i v\u00fdrazn\u00e9 z\u00e1t\u011b\u017ei a p\u0159i kloubn\u00edch onemocn\u011bn\u00edch.\n    Tekut\u00e1 forma a unik\u00e1tn\u00ed technologie v\u00fdroby, zaji\u0161\u0165uj\u00ed vysokou vst\u0159ebatelnost t\u00e9to kloubn\u00ed v\u00fd\u017eivy.\n    Vyvinuto veterin\u00e1\u0159i a dlouhodob\u011b ov\u011b\u0159eno ve veterin\u00e1rn\u00edch prax\u00edch.\n    Mo\u017enost dlouhodob\u00e9ho i nep\u0159etr\u017eit\u00e9ho pod\u00e1v\u00e1n\u00ed u v\u0161ech plemen ps\u016f a ko\u010dek.\n    Neobsahuje methylsulfonylmethan (MSM). \n\n\u00da\u010dinn\u00e9 l\u00e1tky obsa\u017een\u00e9 ve 100ml sirupu:\n\n    hydrolyzovan\u00fd kolagen 13000mg\n     D-glukosamin sulf\u00e1t 1000mg\n    chondroitin sulf\u00e1t 600mg\n    kyselina hyaluronov\u00e1 150mg<\/p><\/div><\/div>\t\t\t\t<\/div>\n\t\t\t\t<\/div>\n\t\t\t\t\t<\/div>\n\t\t<\/div>\n\t\t\t\t<div class=\"elementor-column elementor-col-33 elementor-top-column elementor-element elementor-element-de231ae\" data-id=\"de231ae\" data-element_type=\"column\" data-settings=\"{&quot;background_background&quot;:&quot;classic&quot;}\">\n\t\t\t<div class=\"elementor-widget-wrap elementor-element-populated\">\n\t\t\t\t\t\t<div class=\"elementor-element elementor-element-0584f53 elementor-position-top elementor-widget elementor-widget-image-box\" data-id=\"0584f53\" data-element_type=\"widget\" data-widget_type=\"image-box.default\">\n\t\t\t\t<div class=\"elementor-widget-container\">\n\t\t\t\t\t<div class=\"elementor-image-box-wrapper\"><figure class=\"elementor-image-box-img\"><a href=\"#\" tabindex=\"-1\"><img decoding=\"async\" width=\"600\" height=\"600\" src=\"https:\/\/www.rehabilitacepsu.cz\/wp-content\/uploads\/2025\/03\/8aba0bc768b97552f622f358590e67c7330e1f1c.jpeg\" class=\"attachment-full size-full wp-image-1482\" alt=\"\" srcset=\"https:\/\/www.rehabilitacepsu.cz\/wp-content\/uploads\/2025\/03\/8aba0bc768b97552f622f358590e67c7330e1f1c.jpeg 600w, https:\/\/www.rehabilitacepsu.cz\/wp-content\/uploads\/2025\/03\/8aba0bc768b97552f622f358590e67c7330e1f1c-300x300.jpeg 300w, https:\/\/www.rehabilitacepsu.cz\/wp-content\/uploads\/2025\/03\/8aba0bc768b97552f622f358590e67c7330e1f1c-100x100.jpeg 100w, https:\/\/www.rehabilitacepsu.cz\/wp-content\/uploads\/2025\/03\/8aba0bc768b97552f622f358590e67c7330e1f1c-150x150.jpeg 150w\" sizes=\"(max-width: 600px) 100vw, 600px\" \/><\/a><\/figure><div class=\"elementor-image-box-content\"><h4 class=\"elementor-image-box-title\"><a href=\"#\">A-flex pro kon\u011b a velk\u00e9 psy<\/a><\/h4><p class=\"elementor-image-box-description\">Canami\n\nPou\u017eit\u00ed jako sou\u010d\u00e1st terapie ortopedick\u00fdch onemocn\u011bn\u00ed a v obdob\u00ed rekonvalescence po operac\u00edch a \u00farazech. \nP\u0159i zv\u00fd\u0161en\u00fdch n\u00e1roc\u00edch na pohybov\u00fd apar\u00e1t: \n- P\u0159i onemocn\u011bn\u00ed kloub\u016f, sval\u016f a \u0161lach \n- Po chirurgick\u00fdch z\u00e1kroc\u00edch na pohybov\u00e9m apar\u00e1tu \n- P\u0159i onemocn\u011bn\u00ed kloub\u016f v\u00fdvojov\u00fdmi vadami (DKK, DKL, OCD) \n- P\u0159i rozvoji artr\u00f3zy kloub\u016f <\/p><\/div><\/div>\t\t\t\t<\/div>\n\t\t\t\t<\/div>\n\t\t\t\t\t<\/div>\n\t\t<\/div>\n\t\t\t\t\t<\/div>\n\t\t<\/section>\n\t\t\t\t<section class=\"elementor-section elementor-top-section elementor-element elementor-element-2986312 elementor-section-boxed elementor-section-height-default elementor-section-height-default\" data-id=\"2986312\" data-element_type=\"section\">\n\t\t\t\t\t\t<div class=\"elementor-container elementor-column-gap-default\">\n\t\t\t\t\t<div class=\"elementor-column elementor-col-100 elementor-top-column elementor-element elementor-element-e14bcf1\" data-id=\"e14bcf1\" data-element_type=\"column\">\n\t\t\t<div class=\"elementor-widget-wrap elementor-element-populated\">\n\t\t\t\t\t\t<div class=\"elementor-element elementor-element-29ef782 elementor-widget-divider--view-line elementor-widget elementor-widget-divider\" data-id=\"29ef782\" data-element_type=\"widget\" data-widget_type=\"divider.default\">\n\t\t\t\t<div class=\"elementor-widget-container\">\n\t\t\t\t\t\t\t<div class=\"elementor-divider\">\n\t\t\t<span class=\"elementor-divider-separator\">\n\t\t\t\t\t\t<\/span>\n\t\t<\/div>\n\t\t\t\t\t\t<\/div>\n\t\t\t\t<\/div>\n\t\t\t\t\t<\/div>\n\t\t<\/div>\n\t\t\t\t\t<\/div>\n\t\t<\/section>\n\t\t\t\t<section class=\"elementor-section elementor-top-section elementor-element elementor-element-2ff4d3b elementor-section-boxed elementor-section-height-default elementor-section-height-default\" data-id=\"2ff4d3b\" data-element_type=\"section\">\n\t\t\t\t\t\t<div class=\"elementor-container elementor-column-gap-default\">\n\t\t\t\t\t<div class=\"elementor-column elementor-col-100 elementor-top-column elementor-element elementor-element-6f02ef1\" data-id=\"6f02ef1\" data-element_type=\"column\">\n\t\t\t<div class=\"elementor-widget-wrap elementor-element-populated\">\n\t\t\t\t\t\t<div class=\"elementor-element elementor-element-2024754 elementor-widget elementor-widget-image-carousel\" data-id=\"2024754\" data-element_type=\"widget\" data-settings=\"{&quot;slides_to_show&quot;:&quot;5&quot;,&quot;navigation&quot;:&quot;none&quot;,&quot;slides_to_show_mobile&quot;:&quot;2&quot;,&quot;autoplay&quot;:&quot;yes&quot;,&quot;pause_on_hover&quot;:&quot;yes&quot;,&quot;pause_on_interaction&quot;:&quot;yes&quot;,&quot;autoplay_speed&quot;:5000,&quot;infinite&quot;:&quot;yes&quot;,&quot;speed&quot;:500}\" data-widget_type=\"image-carousel.default\">\n\t\t\t\t<div class=\"elementor-widget-container\">\n\t\t\t\t\t\t\t<div class=\"elementor-image-carousel-wrapper swiper\" role=\"region\" aria-roledescription=\"carousel\" aria-label=\"Obr\u00e1zkov\u00fd koloto\u010d\" dir=\"ltr\">\n\t\t\t<div class=\"elementor-image-carousel swiper-wrapper\" aria-live=\"off\">\n\t\t\t\t\t\t\t\t<div class=\"swiper-slide\" role=\"group\" aria-roledescription=\"slide\" aria-label=\"1 z 10\"><figure class=\"swiper-slide-inner\"><img decoding=\"async\" class=\"swiper-slide-image\" src=\"https:\/\/www.rehabilitacepsu.cz\/wp-content\/uploads\/2024\/05\/241663512_2665136450460991_4654372090879984476_n.jpg\" alt=\"241663512_2665136450460991_4654372090879984476_n\" \/><\/figure><\/div><div class=\"swiper-slide\" role=\"group\" aria-roledescription=\"slide\" aria-label=\"2 z 10\"><figure class=\"swiper-slide-inner\"><img decoding=\"async\" class=\"swiper-slide-image\" src=\"https:\/\/www.rehabilitacepsu.cz\/wp-content\/uploads\/2024\/05\/243014790_2676717772636192_7671030673889292781_n.jpg\" alt=\"243014790_2676717772636192_7671030673889292781_n\" \/><\/figure><\/div><div class=\"swiper-slide\" role=\"group\" aria-roledescription=\"slide\" aria-label=\"3 z 10\"><figure class=\"swiper-slide-inner\"><img decoding=\"async\" class=\"swiper-slide-image\" src=\"https:\/\/www.rehabilitacepsu.cz\/wp-content\/uploads\/2024\/05\/DSC_1814-scaled.jpg\" alt=\"DSC_1814\" \/><\/figure><\/div><div class=\"swiper-slide\" role=\"group\" aria-roledescription=\"slide\" aria-label=\"4 z 10\"><figure class=\"swiper-slide-inner\"><img decoding=\"async\" class=\"swiper-slide-image\" src=\"https:\/\/www.rehabilitacepsu.cz\/wp-content\/uploads\/2024\/05\/DSC_1818-scaled.jpg\" alt=\"DSC_1818\" \/><\/figure><\/div><div class=\"swiper-slide\" role=\"group\" aria-roledescription=\"slide\" aria-label=\"5 z 10\"><figure class=\"swiper-slide-inner\"><img decoding=\"async\" class=\"swiper-slide-image\" src=\"https:\/\/www.rehabilitacepsu.cz\/wp-content\/uploads\/2024\/05\/DSC_1842-scaled.jpg\" alt=\"DSC_1842\" \/><\/figure><\/div><div class=\"swiper-slide\" role=\"group\" aria-roledescription=\"slide\" aria-label=\"6 z 10\"><figure class=\"swiper-slide-inner\"><img decoding=\"async\" class=\"swiper-slide-image\" src=\"https:\/\/www.rehabilitacepsu.cz\/wp-content\/uploads\/2024\/05\/DSC_1888-1-scaled.jpg\" alt=\"DSC_1888\" \/><\/figure><\/div><div class=\"swiper-slide\" role=\"group\" aria-roledescription=\"slide\" aria-label=\"7 z 10\"><figure class=\"swiper-slide-inner\"><img decoding=\"async\" class=\"swiper-slide-image\" src=\"https:\/\/www.rehabilitacepsu.cz\/wp-content\/uploads\/2024\/05\/DSC_1928-scaled.jpg\" alt=\"DSC_1928\" \/><\/figure><\/div><div class=\"swiper-slide\" role=\"group\" aria-roledescription=\"slide\" aria-label=\"8 z 10\"><figure class=\"swiper-slide-inner\"><img decoding=\"async\" class=\"swiper-slide-image\" src=\"https:\/\/www.rehabilitacepsu.cz\/wp-content\/uploads\/2024\/05\/DSC_1944-scaled.jpg\" alt=\"DSC_1944\" \/><\/figure><\/div><div class=\"swiper-slide\" role=\"group\" aria-roledescription=\"slide\" aria-label=\"9 z 10\"><figure class=\"swiper-slide-inner\"><img decoding=\"async\" class=\"swiper-slide-image\" src=\"https:\/\/www.rehabilitacepsu.cz\/wp-content\/uploads\/2024\/05\/DSC_1951-scaled.jpg\" alt=\"DSC_1951\" \/><\/figure><\/div><div class=\"swiper-slide\" role=\"group\" aria-roledescription=\"slide\" aria-label=\"10 z 10\"><figure class=\"swiper-slide-inner\"><img decoding=\"async\" class=\"swiper-slide-image\" src=\"https:\/\/www.rehabilitacepsu.cz\/wp-content\/uploads\/2024\/05\/DSC_1960-scaled.jpg\" alt=\"DSC_1960\" \/><\/figure><\/div>\t\t\t<\/div>\n\t\t\t\t\t\t\t\n\t\t\t\t\t\t\t\t\t<\/div>\n\t\t\t\t\t\t<\/div>\n\t\t\t\t<\/div>\n\t\t\t\t\t<\/div>\n\t\t<\/div>\n\t\t\t\t\t<\/div>\n\t\t<\/section>\n\t\t\t\t<\/div>\n\t\t","protected":false},"excerpt":{"rendered":"<p>Pom\u00e1h\u00e1me ps\u016fm s pohybov\u00fdmi probl\u00e9my nebo s nasvalen\u00edm, ale i s hubnut\u00edm. Rehabilitace ps\u016f U n\u00e1s nab\u00edz\u00edme komplexn\u00ed a kvalifikovanou rehabilitaci ps\u016f\u00a0a\u00a0dal\u0161\u00edch mal\u00fdch zv\u00ed\u0159at. V\u011bnujeme se hlavn\u011b ps\u016fm po operaci nebo \u00faraze. D\u00e1le preventivn\u00ed fyzioterapii u sportovc\u016f i mazl\u00edk\u016f a chronicky bolestiv\u00fdm stav\u016fm pohybov\u00e9ho apar\u00e1tu. Svoj\u00ed vlastn\u00ed skupinku maj\u00ed ps\u00ed senio\u0159i, t\u011bm pohyb ve van\u011b&#8230;<\/p>\n","protected":false},"author":1,"featured_media":0,"parent":0,"menu_order":0,"comment_status":"closed","ping_status":"closed","template":"elementor_header_footer","meta":{"_kadence_starter_templates_imported_post":true,"_kad_post_transparent":"","_kad_post_title":"hide","_kad_post_layout":"normal","_kad_post_sidebar_id":"","_kad_post_content_style":"unboxed","_kad_post_vertical_padding":"hide","_kad_post_feature":"hide","_kad_post_feature_position":"","_kad_post_header":false,"_kad_post_footer":false,"footnotes":""},"class_list":["post-1402","page","type-page","status-publish","hentry"],"jetpack_sharing_enabled":true,"_links":{"self":[{"href":"https:\/\/www.rehabilitacepsu.cz\/index.php?rest_route=\/wp\/v2\/pages\/1402","targetHints":{"allow":["GET"]}}],"collection":[{"href":"https:\/\/www.rehabilitacepsu.cz\/index.php?rest_route=\/wp\/v2\/pages"}],"about":[{"href":"https:\/\/www.rehabilitacepsu.cz\/index.php?rest_route=\/wp\/v2\/types\/page"}],"author":[{"embeddable":true,"href":"https:\/\/www.rehabilitacepsu.cz\/index.php?rest_route=\/wp\/v2\/users\/1"}],"replies":[{"embeddable":true,"href":"https:\/\/www.rehabilitacepsu.cz\/index.php?rest_route=%2Fwp%2Fv2%2Fcomments&post=1402"}],"version-history":[{"count":19,"href":"https:\/\/www.rehabilitacepsu.cz\/index.php?rest_route=\/wp\/v2\/pages\/1402\/revisions"}],"predecessor-version":[{"id":1560,"href":"https:\/\/www.rehabilitacepsu.cz\/index.php?rest_route=\/wp\/v2\/pages\/1402\/revisions\/1560"}],"wp:attachment":[{"href":"https:\/\/www.rehabilitacepsu.cz\/index.php?rest_route=%2Fwp%2Fv2%2Fmedia&parent=1402"}],"curies":[{"name":"wp","href":"https:\/\/api.w.org\/{rel}","templated":true}]}}